?
2, 3, 7
Let l(w) = 19*w**2 - 6*w + 3. Let t be l(5). Suppose 5*f + 1113 - t = 0. Let h = f + 305. List the prime factors of h.
2, 43
Suppose -17*h + 18*h = 684. Suppose 2*q + h = n, -4*q + 4 = -0. What are the prime factors of n?
2, 7
Let t(u) = 4*u**3 - 28*u**2 - 7*u - 63. List the prime factors of t(12).
3, 911
Suppose 4*v = -5*c - 59, -v + 17 = -4*c - 26. What are the prime factors of (-3995)/c + 4/(-22)?
3, 11
What are the prime factors of (2 - -305)*(-528)/(-66)?
2, 307
Let a(b) = b + 1. Let p(n) = 8*n + 1. Let g(u) = -14*a(u) + 2*p(u). Let y be g(6). What are the prime factors of (y + -1 - 1) + 123?
11
Let r = 3502 - 2267. What are the prime factors of ((-1)/1)/((-19)/r)?
5, 13
Let g(t) = -t**2 - 5*t + 1. Suppose 0*i - 15 = -3*i. Let x be g(i). Let z = x + 162. List the prime factors of z.
113
Let a = 879 - -14607. List the prime factors of a.
2, 3, 29, 89
Suppose 4*z = 35301 - 2133. What are the prime factors of z?
2, 3, 691
Let r(y) = -15*y - 77. Let c(a) = 2*a**3 + 15*a**2 + 8*a - 8. Let j be c(-7). What are the prime factors of r(j)?
2, 37
Let l = 3445 - 2334. Suppose l = 3*g + 4*v, -368 = -g - 2*v + 3*v. List the prime factors of g.
3, 41
Let r = -102 + 85. List the prime factors of 2 - (5 + 1 + r).
13
Let x(p) = 5*p**2 - 4*p - 177. Let r be x(13). Let l = r + 153. List the prime factors of l.
769
Let d = 8158 - -5233. List the prime factors of d.
7, 1913
Let t(i) = 322*i**2 + 2*i + 1. What are the prime factors of t(11)?
3, 5, 23, 113
Let g(i) = i**2 + i - 9. Let f be g(-4). Suppose -4*q = 0, z - f*z = q. Suppose z = m + 2*b - 37, -2*m + 18 = 5*b - 58. List the prime factors of m.
3, 11
Suppose 3*o - 3*g - 697 = -259, 0 = -5*o - 5*g + 700. Suppose o*c + 1305 = 148*c. List the prime factors of c.
3, 29
Let t be (-8)/(-10) - (-915)/75. Suppose -3*m = -i + m + t, -i = -m - 13. Suppose 6*r + 343 = i*r. What are the prime factors of r?
7
Suppose 134757 + 308366 - 48748 = 125*d. What are the prime factors of d?
5, 631
Suppose w + 9174 = 10637. List the prime factors of w.
7, 11, 19
Let y be -1 - (-118)/(-4)*-4. Let s = y - 72. List the prime factors of s.
3, 5
Suppose 0 = -2*m - 6*a + 8896, -9*a = -5*m - 13*a + 22240. What are the prime factors of m?
2, 139
Suppose 4*y - 59 = -3*f - 348, 3*f = -3*y - 216. Let a = y - -63. List the prime factors of 207*a/75*-5.
2, 3, 23
Let v(s) be the second derivative of 17*s**4/12 - 7*s**3/6 - 5*s**2 - 70*s. What are the prime factors of v(5)?
2, 5, 19
Let z = -2559 - -4927. List the prime factors of z.
2, 37
Let v = 10 + -6. Let o be ((-16)/6)/(v/(-24)). Suppose -o = a - 67. What are the prime factors of a?
3, 17
Suppose 5 = x - 1. Let z(n) = -n**2 + 10*n - 21. Let t be z(x). Suppose 2*y + 0*m = 5*m + 32, -t*y + 3*m + 66 = 0. What are the prime factors of y?
2, 13
Suppose 126 = -4*m + 17338. List the prime factors of m.
13, 331
Let c = -46 + 50. Let a be 283 + (c/2 - -1). Suppose 2*p = -4*k + a, -4*k + p - 4*p = -283. List the prime factors of k.
73
Let k(n) = 7*n**2 + 8*n + 11. Let i(h) = -3*h**2 - 4*h - 5. Let p(j) = 5*i(j) + 2*k(j). Let x be p(6). Let f = x + 192. List the prime factors of f.
3, 43
Let p(v) = v + 3. Let x be p(-1). Suppose -971 = -4*t - 4*k + 4369, 5*t - 6690 = -x*k. List the prime factors of t.
2, 5, 67
Let d = 598 - -2413. What are the prime factors of d?
3011
Suppose 0*n + 3*n + m - 12 = 0, 2*n = -3*m + 1. Suppose -2*f - 14 = -0*k - 4*k, -5*k + 25 = n*f. Suppose k*a + 43 = 159. What are the prime factors of a?
29
Suppose -5*h = -3*g + 1755, 0 = h - 3*h + 2*g - 706. Let z = h + 475. What are the prime factors of z?
127
Suppose 13*y = 5*h + 10*y - 4312, -3*h - 3*y = -2568. Suppose 0 = a + t - h, 0 = 2*a - 3*a - 3*t + 864. List the prime factors of a.
2, 3, 11, 13
Let s(y) = -3*y**3 - 4*y**2 + 5*y - 1. Suppose 8*w = -2*w + 5*w. Suppose -3*l - 3*l - 24 = w. What are the prime factors of s(l)?
107
Suppose 26*p - 818885 = 1222661. List the prime factors of p.
233, 337
Let w be (-124)/((-4)/1) + -5. Suppose 0 = -w*b + 25*b - 63. Let v = b + 77. What are the prime factors of v?
2, 7
Suppose -1920 - 13200 = -30*l. Suppose 2*t = -3*x + 1709, -4*t = -5*x + 2337 + l. What are the prime factors of x?
569
Suppose 0 = 3*j - 4*y - 8559, -2853 = 13*j - 14*j + 5*y. Suppose 3*o - l = j, 5*l - 3 = 6*l. What are the prime factors of o?
2, 5, 19
Let w(g) = 54*g**2 - 9*g + 28*g - 109*g**2 + 56*g**2 + 7. Let n be w(-19). Suppose -n*y = -185 - 151. List the prime factors of y.
2, 3
Let r(o) = -2*o + 7*o**3 + 4 - 4*o**2 + 22*o**3 + 4*o**3 + 5*o**3. List the prime factors of r(3).
2, 13, 19
Let m(u) = 109*u + 187. Let c(k) = 163*k + 280. Let o(a) = 5*c(a) - 7*m(a). What are the prime factors of o(31)?
13, 131
Let m = 52 + -16. Suppose 0 = 3*l - p - 95, 0*l + l = -4*p + m. Let z = 60 - l. What are the prime factors of z?
2, 7
Suppose 0*z - 3*z + 6 = 0, -1049 = -3*x - z. Let s = x + 903. What are the prime factors of s?
2, 313
Let h = 287 + -282. Let f(g) = 0*g - 12 + 12*g - g**2 + 0*g. What are the prime factors of f(h)?
23
Let s = -9374 - -16426. List the prime factors of s.
2, 41, 43
Let x be ((-1540)/6)/(-2) - 2/(-3). Let r = 209 + x. List the prime factors of r.
2, 13
List the prime factors of (-1448784)/(-360) + 6/10.
5, 7, 23
Let k = 49 + -44. Suppose -2*h + 337 - 1071 = -2*w, -k*h - 3*w = 1875. Let f = 619 + h. What are the prime factors of f?
13, 19
Suppose 5*i = -47*a + 45*a + 101051, 3*a = 2*i - 40447. List the prime factors of i.
17, 29, 41
Let q(v) = 670*v**3 + 5*v**2 - 231*v + 686. What are the prime factors of q(3)?
2, 11, 103
Let q(h) = -14215*h - 1049. What are the prime factors of q(-2)?
3, 9127
Suppose t - 4*n = 8412, -96*t + 94*t = -n - 16845. List the prime factors of t.
2, 3, 13
Let f be (0 + -4)*2/(-4). Suppose 7*q + 18 = 67. Suppose 2*g + 3*h = 127, -4*g + f*h = q*h - 249. What are the prime factors of g?
2, 7
Suppose 30 = -5*a - 40. Let n = 41 - -3. Let o = n + a. List the prime factors of o.
2, 3, 5
Let k = 414 + -183. Suppose 1132*p = 1129*p + k. What are the prime factors of p?
7, 11
Let m(q) = 1449*q + 1213. What are the prime factors of m(15)?
2, 5737
Let z = -67 - -665. List the prime factors of z.
2, 13, 23
Let i(w) = 2*w**3 - 5*w - 561. Let h(n) = -n**3 + 2*n + 280. Let g(f) = 7*h(f) + 3*i(f). Let u be g(0). Let b = u + -147. List the prime factors of b.
2, 5, 13
Let x(t) = 25665*t**3 - 2*t**2 + 6*t - 5. List the prime factors of x(1).
2, 401
Let m(f) = 37*f**2 + 2*f - 31. Let r be m(-9). Suppose 2956 + r = 6*h. What are the prime factors of h?
2, 3, 41
Let s = 11333 - 5923. List the prime factors of s.
2, 5, 541
What are the prime factors of (54633/4)/(15/20)?
18211
Let w = 1375 + 1723. Suppose 0 = 4*h - 3*m - 2780, 5*h = -m + w + 358. List the prime factors of h.
2, 173
Let d = 56 + -56. Let r be (d + 2)*(-22 - -21). What are the prime factors of (15/r)/((-39)/130)?
5
Let i(m) = 2*m - 28. Let k(v) = v - 1. Let h(r) = i(r) + 8*k(r). Let n = -29 - -36. List the prime factors of h(n).
2, 17
Let g be 12/(-4) + 3 + -2 + 2. Let l be (217 - 0) + (0 - g). Let s = l + -86. What are the prime factors of s?
131
What are the prime factors of ((-216495)/(-675))/((-1)/6)*(-5)/2?
17, 283
Let g = 96 + 5636. List the prime factors of g.
2, 1433
Let n be (7403 - 5/(3 - 2)) + 5. Suppose 5522 = 5*b - j - 1869, 0 = -5*b - 2*j + n. List the prime factors of b.
3, 17, 29
Suppose 2*b + 4*w + 4282 = 0, 2*b = -5*w + 7*w - 4270. Let h = b - -3489. What are the prime factors of h?
2, 13
Let w be 1973 - 6/(-2) - 12/(-6). Suppose -5*t + 2*s = -4952, -15*s + 13*s + w = 2*t. List the prime factors of t.
2, 3, 5, 11
Suppose 12*t - 11*t - 5*o = 25, 2*t = 3*o + 43. What are the prime factors of t/190 + 8415/19?
443
Let i(b) = -b**3 - 3*b**2 + 6*b + 3. Let g be i(-5). Suppose 7*c - 2*t - 19 = 4*c, -5*c + 2*t = -33. Let x = g + c. List the prime factors of x.
2, 3, 5
Suppose -376 + 1198 = 3*m. Let h = 1707 - m. What are the prime factors of h?
1433
Let l(g) = 120*g - 133. Let k be 0 - -15 - 2/2*-2. What are the prime factors of l(k)?
1907
Suppose -6 = -2*n, -11 = 3*i + 4*n - 8. What are the prime factors of (i*54/225)/(6/(-4215))?
3, 281
Let d(l) = 2*l**2 + 311*l + 396. What are the prime factors of d(89)?
3, 14639
Let q = 4062 - -786. List the prime factors of q.
2, 3, 101
Let c(b) = 17*b - 34. Let t 